{"id":7663,"date":"2021-03-30T06:18:12","date_gmt":"2021-03-30T06:18:12","guid":{"rendered":"https:\/\/jp.daprs.com\/m\/?page_id=856"},"modified":"2024-05-24T07:54:37","modified_gmt":"2024-05-24T07:54:37","slug":"covid","status":"publish","type":"page","link":"https:\/\/vn.daprs.com\/m\/covid\/","title":{"rendered":"Ph\u00f2ng d\u1ecbch Covid-19"},"content":{"rendered":"<p><div id='ulthermage_wrap01' class='avia-section main_color avia-section-default avia-no-border-styling avia-bg-style-scroll  avia-builder-el-0  el_before_av_section  avia-builder-el-first    av-minimum-height av-minimum-height-100  container_wrap fullsize' style='background-repeat: no-repeat; background-image: url(https:\/\/vn.daprs.com\/m\/wp-content\/uploads\/2021\/06\/201-m-img01.jpg);background-attachment: scroll; background-position: top center;  '  data-section-bg-repeat='no-repeat' data-av_minimum_height_pc='100'><div class='container' ><main  role=\"main\" itemprop=\"mainContentOfPage\"  class='template-page content  av-content-full alpha units'><div class='post-entry post-entry-type-page post-entry-7663'><div class='entry-content-wrapper clearfix'>\n<div class=\"flex_column av_one_full  flex_column_div first  avia-builder-el-1  avia-builder-el-no-sibling   \" style='padding:50px 0px 0px 0px ; border-radius:0px; '><p><div style='padding-bottom:10px; color:#ffffff;font-size:51px;' class='av-special-heading av-special-heading-h3 custom-color-heading blockquote modern-quote modern-centered  avia-builder-el-2  el_before_av_textblock  avia-builder-el-first   av-inherit-size '><div class ='av-subheading av-subheading_above av_custom_color ' style='font-size:20px;'><p>\u00c1p d\u1ee5ng ph\u01b0\u01a1ng ph\u00e1p ph\u00f2ng d\u1ecbch m\u1edbi nh\u1ea5t<\/p>\n<\/div><h3 class='av-special-heading-tag '  itemprop=\"headline\"  >H\u1ec7 th\u1ed1ng ph\u00f2ng<br \/><span style=\"color:#8ee8ff;\">CORONA DA<\/span><\/h3><div class='special-heading-border'><div class='special-heading-inner-border' style='border-color:#ffffff'><\/div><\/div><\/div><br \/>\n<section class=\"av_textblock_section \"  itemscope=\"itemscope\" itemtype=\"https:\/\/schema.org\/CreativeWork\" ><div class='avia_textblock  av_inherit_color '  style='font-size:20px; color:#ffffff; '  itemprop=\"text\" ><p style=\"text-decoration: underline; letter-spacing: 5px; text-align: center;\">DA COVID-19 <span style=\"color: #8ee8ff; letter-spacing: 5px;\">CLEAN ZONE<\/span><\/p>\n<\/div><\/section><\/p><\/div>\n<br \/>\n<\/div><\/div><\/main><!-- close content main element --><\/div><\/div><div id='ulthermage_wrap01' class='avia-section main_color avia-section-default avia-no-border-styling avia-bg-style-scroll  avia-builder-el-4  el_after_av_section  el_before_av_section    av-minimum-height av-minimum-height-custom  container_wrap fullsize' style='background-color: #ffffff;  '  ><div class='container' ><div class='template-page content  av-content-full alpha units'><div class='post-entry post-entry-type-page post-entry-7663'><div class='entry-content-wrapper clearfix'>\n<div class=\"flex_column av_one_full  flex_column_div first  avia-builder-el-5  avia-builder-el-no-sibling   \" style='padding:40px 0px 0 0px ; border-radius:0px; '><div style='padding-bottom:10px; color:#1e2f4d;font-size:20px;' class='av-special-heading av-special-heading-h3 custom-color-heading blockquote modern-quote modern-centered  avia-builder-el-6  avia-builder-el-no-sibling   av-inherit-size '><h3 class='av-special-heading-tag '  itemprop=\"headline\"  ><span class=\"font-w100\">Ph\u00f2ng ch\u1ed1ng d\u1ecbch b\u1eb1ng c\u00e1ch t\u0103ng c\u01b0\u1eddng<br \/> <span class=\"font-bold\">h\u1ec7 th\u1ed1ng ph\u00f2ng d\u1ecbch<\/span><\/span><\/h3><div class='special-heading-border'><div class='special-heading-inner-border' style='border-color:#1e2f4d'><\/div><\/div><\/div><\/div>\n<br \/>\n<\/div><\/div><\/div><!-- close content main div --><\/div><\/div><div id='ulthermage_wrap01' class='avia-section main_color avia-section-default avia-no-border-styling avia-bg-style-scroll  avia-builder-el-7  el_after_av_section  el_before_av_section    av-minimum-height av-minimum-height-custom  container_wrap fullsize' style='background-repeat: no-repeat; background-image: url(https:\/\/vn.daprs.com\/m\/wp-content\/uploads\/2021\/06\/201-m-img02.jpg);background-attachment: scroll; background-position: center center;  '  data-section-bg-repeat='no-repeat'><div class='container' ><div class='template-page content  av-content-full alpha units'><div class='post-entry post-entry-type-page post-entry-7663'><div class='entry-content-wrapper clearfix'>\n<div class=\"flex_column av_one_full  flex_column_div first  avia-builder-el-8  avia-builder-el-no-sibling   \" style='padding:400px 0px 40px 0px ; border-radius:0px; '><\/div>\n<br \/>\n<\/div><\/div><\/div><!-- close content main div --><\/div><\/div><div id='ulthermage_wrap01' class='avia-section main_color avia-section-default avia-no-border-styling avia-bg-style-scroll  avia-builder-el-10  el_after_av_section  el_before_av_section    av-minimum-height av-minimum-height-custom  container_wrap fullsize' style='background-color: #1e2d4c;  '  ><div class='container' ><div class='template-page content  av-content-full alpha units'><div class='post-entry post-entry-type-page post-entry-7663'><div class='entry-content-wrapper clearfix'>\n<div class=\"flex_column av_one_full  flex_column_div first  avia-builder-el-11  avia-builder-el-no-sibling   \" style='padding:0px 0px 50px 0px ; border-radius:0px; '><div style='padding-bottom:10px; margin-top:50px; color:#ffffff;font-size:40px;' class='av-special-heading av-special-heading-h3 custom-color-heading blockquote modern-quote modern-centered  avia-builder-el-12  avia-builder-el-no-sibling   av-inherit-size '><h3 class='av-special-heading-tag '  itemprop=\"headline\"  ><span class=\"font-w100\">H\u1ec7 th\u1ed1ng ph\u00f2ng d\u1ecbch<br \/>Corona DA<\/span><\/h3><div class ='av-subheading av-subheading_below av_custom_color ' style='font-size:25px;'><p style=\"padding: 30px 0; font-size:20px; letter-spacing:5px;\">POINT 01.<\/p>\n<p>Vi\u1ec7n th\u1ea9m m\u1ef9 DA th\u1ef1c hi\u1ec7n c\u00f4ng t\u00e1c ph\u00f2ng ch\u1ed1ng d\u1ecbch Covid 19 \u0111\u1ecbnh k\u00ec v\u1edbi ho\u1ea1t \u0111\u1ed9ng<span style=\"color:#8fe8ff;font-weight:bold;\"> phun kh\u1eed tr\u00f9ng,ph\u00f2ng d\u1ecbch<\/span><\/p>\n<\/div><div class='special-heading-border'><div class='special-heading-inner-border' style='border-color:#ffffff'><\/div><\/div><\/div><\/div><\/div><\/div><\/div><!-- close content main div --><\/div><\/div><div id='ulthermage_wrap01' class='avia-section main_color avia-section-default avia-no-border-styling avia-bg-style-scroll  avia-builder-el-13  el_after_av_section  el_before_av_section    av-minimum-height av-minimum-height-custom  container_wrap fullsize' style=' '  ><div class='container' ><div class='template-page content  av-content-full alpha units'><div class='post-entry post-entry-type-page post-entry-7663'><div class='entry-content-wrapper clearfix'>\n<div class='avia-image-container  av-styling-    avia-builder-el-14  avia-builder-el-no-sibling   avia-align-center '  itemprop=\"image\" itemscope=\"itemscope\" itemtype=\"https:\/\/schema.org\/ImageObject\"  ><div class='avia-image-container-inner'><div class='avia-image-overlay-wrap'><img class='avia_image' src='https:\/\/vn.daprs.com\/m\/wp-content\/uploads\/2023\/01\/sec5.jpg' alt='sec5' title='sec5' height=\"214\" width=\"640\"  itemprop=\"thumbnailUrl\"  \/><\/div><\/div><\/div>\n<br \/>\n<\/div><\/div><\/div><!-- close content main div --><\/div><\/div><div id='ulthermage_wrap01' class='avia-section main_color avia-section-default avia-no-border-styling avia-bg-style-scroll  avia-builder-el-15  el_after_av_section  el_before_av_section    av-minimum-height av-minimum-height-custom  container_wrap fullsize' style='background-color: #ebebeb;  '  ><div class='container' ><div class='template-page content  av-content-full alpha units'><div class='post-entry post-entry-type-page post-entry-7663'><div class='entry-content-wrapper clearfix'>\n<div class=\"flex_column av_one_full  flex_column_div first  avia-builder-el-16  avia-builder-el-no-sibling   \" style='padding:0 0px 50px 0px ; border-radius:0px; '><div style='padding-bottom:10px; margin-top:50px; color:#1d2c4b;font-size:40px;' class='av-special-heading av-special-heading-h3 custom-color-heading blockquote modern-quote modern-centered  avia-builder-el-17  avia-builder-el-no-sibling   av-inherit-size '><h3 class='av-special-heading-tag '  itemprop=\"headline\"  >H\u1ec7 th\u1ed1ng ph\u00f2ng d\u1ecbch<br \/>Corona DA<\/h3><div class ='av-subheading av-subheading_below av_custom_color ' style='font-size:25px;'><p style=\"padding: 30px 0; font-size:20px; letter-spacing:5px;\">POINT 02.<\/p>\n<p>L\u1eafp \u0111\u1eb7t <span class=\"font-bold\"> camera \u0111o nhi\u1ec7t<\/span> \u0111\u1ed9<\/span>\u1edf c\u1ed5ng ra v\u00e0o v\u00e0 ti\u1ebfn h\u00e0nh <span class=\"font-bold\">kh\u1eed tr\u00f9ng tay<\/span> tr\u01b0\u1edbc khi v\u00e0o vi\u1ec7n<\/p>\n<\/div><div class='special-heading-border'><div class='special-heading-inner-border' style='border-color:#1d2c4b'><\/div><\/div><\/div><\/div>\n<br \/>\n<\/div><\/div><\/div><!-- close content main div --><\/div><\/div><div id='fullwidth_contact_test' class='avia-section main_color avia-section-default avia-no-border-styling avia-bg-style-scroll  avia-builder-el-18  el_after_av_section  el_before_av_section    av-minimum-height av-minimum-height-custom  container_wrap fullsize' style=' '  ><div class='container' ><div class='template-page content  av-content-full alpha units'><div class='post-entry post-entry-type-page post-entry-7663'><div class='entry-content-wrapper clearfix'>\n<div class='avia-image-container  av-styling-    avia-builder-el-19  avia-builder-el-no-sibling   avia-align-center '  itemprop=\"image\" itemscope=\"itemscope\" itemtype=\"https:\/\/schema.org\/ImageObject\"  ><div class='avia-image-container-inner'><div class='avia-image-overlay-wrap'><img class='avia_image' src='https:\/\/jp.daprs.com\/m\/wp-content\/uploads\/2021\/06\/201-m-img10.jpg' alt='' title=''   itemprop=\"thumbnailUrl\"  \/><\/div><\/div><\/div>\n<br \/>\n<\/div><\/div><\/div><!-- close content main div --><\/div><\/div><div id='pd5' class='avia-section main_color avia-section-default avia-no-border-styling avia-bg-style-scroll  avia-builder-el-20  el_after_av_section  el_before_av_section    av-minimum-height av-minimum-height-custom  container_wrap fullsize' style='background-color: #1e2d4c;  '  ><div class='container' style='height:400px'><div class='template-page content  av-content-full alpha units'><div class='post-entry post-entry-type-page post-entry-7663'><div class='entry-content-wrapper clearfix'>\n<div class=\"flex_column av_one_full  flex_column_div first  avia-builder-el-21  el_before_av_one_full  avia-builder-el-first   \" style='padding:0 0px 3px 0px ; border-radius:0px; '><div style='padding-bottom:10px; margin-top:50px; color:#ffffff;font-size:40px;' class='av-special-heading av-special-heading-h3 custom-color-heading blockquote modern-quote modern-centered  avia-builder-el-22  avia-builder-el-no-sibling   av-inherit-size '><h3 class='av-special-heading-tag '  itemprop=\"headline\"  >H\u1ec7 th\u1ed1ng ph\u00f2ng d\u1ecbch<br \/>Corona DA<\/h3><div class ='av-subheading av-subheading_below av_custom_color ' style='font-size:25px;'><p style=\"padding: 30px 0; font-size:20px; letter-spacing:5px;\">POINT 03.<\/p>\n<p>Vi\u1ec7n th\u1ea9m m\u1ef9 DA \u0111ang nghi\u00eam t\u00fac th\u1ef1c hi\u1ec7n <span style=\"color:#8fe8ff;font-weight:bold\">ph\u01b0\u01a1ng ph\u00e1p ph\u00f2ng d\u1ecbch<\/span> v\u00e0 qu\u1ea3n l\u00fd v\u1ec7 sinh <span style=\"color:#8fe8ff;font-weight:bold\"> theo chu\u1ea9n b\u1ed9 y t\u1ebf.<\/span><\/p>\n<\/div><div class='special-heading-border'><div class='special-heading-inner-border' style='border-color:#ffffff'><\/div><\/div><\/div><\/div><div class=\"flex_column av_one_full  flex_column_div first  avia-builder-el-23  el_after_av_one_full  el_before_av_one_full   column-top-margin\" style='margin-top:0px; margin-bottom:20px; background: #ffffff; padding:5px 30px 5px 30px ; background-color:#ffffff; border-radius:10px; '><p><div class='avia-image-container  av-styling-    avia-builder-el-24  el_before_av_textblock  avia-builder-el-first   avia-align-center '  itemprop=\"image\" itemscope=\"itemscope\" itemtype=\"https:\/\/schema.org\/ImageObject\"  ><div class='avia-image-container-inner'><div class='avia-image-overlay-wrap'><img class='avia_image' src='https:\/\/vn.daprs.com\/m\/wp-content\/uploads\/2023\/01\/108_img_circle1-80x80.png' alt='' title='108_img_circle1' height=\"80\" width=\"80\"  itemprop=\"thumbnailUrl\"  \/><\/div><\/div><\/div><br \/>\n<section class=\"av_textblock_section \"  itemscope=\"itemscope\" itemtype=\"https:\/\/schema.org\/CreativeWork\" ><div class='avia_textblock  av_inherit_color '  style='font-size:25px; color:#1e2c4b; '  itemprop=\"text\" ><p style=\"text-align: center;\">T\u1eadp th\u1ec3 nh\u00e2n vi\u00ean \u0111eo kh\u1ea9u trang v\u00e0 r\u1eeda tay th\u01b0\u1eddng xuy\u00ean<\/p>\n<\/div><\/section><\/p><\/div>\n<div class=\"flex_column av_one_full  flex_column_div first  avia-builder-el-26  el_after_av_one_full  el_before_av_one_full   column-top-margin\" style='margin-top:0px; margin-bottom:20px; background: #ffffff; padding:5px 30px 5px 30px ; background-color:#ffffff; border-radius:10px; '><p><div class='avia-image-container  av-styling-    avia-builder-el-27  el_before_av_textblock  avia-builder-el-first   avia-align-center '  itemprop=\"image\" itemscope=\"itemscope\" itemtype=\"https:\/\/schema.org\/ImageObject\"  ><div class='avia-image-container-inner'><div class='avia-image-overlay-wrap'><img class='avia_image' src='https:\/\/vn.daprs.com\/m\/wp-content\/uploads\/2023\/01\/108_img_circle2-80x80-1.png' alt='' title='108_img_circle2-80x80' height=\"80\" width=\"80\"  itemprop=\"thumbnailUrl\"  \/><\/div><\/div><\/div><br \/>\n<section class=\"av_textblock_section \"  itemscope=\"itemscope\" itemtype=\"https:\/\/schema.org\/CreativeWork\" ><div class='avia_textblock  av_inherit_color '  style='font-size:25px; color:#1e2c4b; '  itemprop=\"text\" ><p style=\"text-align: center;\">T\u1eadp th\u1ec3 nh\u00e2n vi\u00ean \u0111eo kh\u1ea9u trang v\u00e0 r\u1eeda tay th\u01b0\u1eddng xuy\u00ean<\/p>\n<\/div><\/section><\/p><\/div><div class=\"flex_column av_one_full  flex_column_div first  avia-builder-el-29  el_after_av_one_full  avia-builder-el-last   column-top-margin\" style='margin-top:0px; margin-bottom:50px; background: #ffffff; padding:5px 30px 5px 30px ; background-color:#ffffff; border-radius:10px; '><p><div class='avia-image-container  av-styling-    avia-builder-el-30  el_before_av_textblock  avia-builder-el-first   avia-align-center '  itemprop=\"image\" itemscope=\"itemscope\" itemtype=\"https:\/\/schema.org\/ImageObject\"  ><div class='avia-image-container-inner'><div class='avia-image-overlay-wrap'><img class='avia_image' src='https:\/\/vn.daprs.com\/m\/wp-content\/uploads\/2023\/01\/108_img_circle3-80x80-1.png' alt='' title='108_img_circle3-80x80' height=\"80\" width=\"80\"  itemprop=\"thumbnailUrl\"  \/><\/div><\/div><\/div><br \/>\n<section class=\"av_textblock_section \"  itemscope=\"itemscope\" itemtype=\"https:\/\/schema.org\/CreativeWork\" ><div class='avia_textblock  av_inherit_color '  style='font-size:25px; color:#1e2c4b; '  itemprop=\"text\" ><p style=\"text-align: center;\">Th\u1ef1c hi\u1ec7n gi\u00e3n c\u00e1ch x\u00e3 h\u1ed9i v\u00e0 tr\u00e1nh t\u1ee5 t\u1eadp trong kh\u00f4ng gian h\u1eb9p<\/p>\n<\/div><\/section><\/p><\/div><br \/>\n<\/div><\/div><\/div><!-- close content main div --><\/div><\/div><div id='fullwidth_contact_test' class='avia-section main_color avia-section-no-padding avia-no-border-styling avia-bg-style-scroll  avia-builder-el-32  el_after_av_section  avia-builder-el-last    av-minimum-height av-minimum-height-custom  container_wrap fullsize' style=' '  ><div class='container' ><div class='template-page content  av-content-full alpha units'><div class='post-entry post-entry-type-page post-entry-7663'><div class='entry-content-wrapper clearfix'>\n<div class=\"flex_column av_one_full  flex_column_div first  avia-builder-el-33  el_before_av_codeblock  avia-builder-el-first   \" style='background: #ecf0f3; padding:0 0px 0px 0px ; background-color:#ecf0f3; border-radius:0px; '><div style='padding-bottom:10px; margin-top:50px; color:#1e2c4b;font-size:25px;' class='av-special-heading av-special-heading-h3 custom-color-heading blockquote modern-quote modern-centered  avia-builder-el-34  avia-builder-el-no-sibling   av-inherit-size '><h3 class='av-special-heading-tag '  itemprop=\"headline\"  >H\u1ec7 th\u1ed1ng ph\u00f2ng ch\u1ed1ng d\u1ecbch an to\u00e0n!<\/h3><div class ='av-subheading av-subheading_below av_custom_color ' style='font-size:18px;'><p style=\"margin-top:30px; background:\"#ecf0f3;\"\">H\u00e3y y\u00ean t\u00e2m Corona khi \u0111\u1ebfn vi\u1ec7n DA v\u00ec \u0111\u00e3 c\u00f3<\/p>\n<\/div><div class='special-heading-border'><div class='special-heading-inner-border' style='border-color:#1e2c4b'><\/div><\/div><\/div><\/div><div class='avia-image-container  av-styling-no-styling     avia-align-center '  itemprop=\"image\" itemscope=\"itemscope\" itemtype=\"https:\/\/schema.org\/ImageObject\"  ><div class='avia-image-container-inner'><div class='avia-image-overlay-wrap'><img class='avia_image' src='https:\/\/jp.daprs.com\/m\/wp-content\/uploads\/2021\/06\/203-m-img08.jpg' alt='' title=''   itemprop=\"thumbnailUrl\"  \/><\/div><\/div><\/div>\n<\/p>\n","protected":false},"excerpt":{"rendered":"<p>\t\t\t\t<![CDATA[\n\t\t\t\t<![CDATA[]]]]><![CDATA[>\t\t]]>\t\t<\/p>\n","protected":false},"author":1,"featured_media":0,"parent":0,"menu_order":201,"comment_status":"closed","ping_status":"closed","template":"","meta":[],"_links":{"self":[{"href":"https:\/\/vn.daprs.com\/m\/wp-json\/wp\/v2\/pages\/7663"}],"collection":[{"href":"https:\/\/vn.daprs.com\/m\/wp-json\/wp\/v2\/pages"}],"about":[{"href":"https:\/\/vn.daprs.com\/m\/wp-json\/wp\/v2\/types\/page"}],"author":[{"embeddable":true,"href":"https:\/\/vn.daprs.com\/m\/wp-json\/wp\/v2\/users\/1"}],"replies":[{"embeddable":true,"href":"https:\/\/vn.daprs.com\/m\/wp-json\/wp\/v2\/comments?post=7663"}],"version-history":[{"count":18,"href":"https:\/\/vn.daprs.com\/m\/wp-json\/wp\/v2\/pages\/7663\/revisions"}],"predecessor-version":[{"id":20395,"href":"https:\/\/vn.daprs.com\/m\/wp-json\/wp\/v2\/pages\/7663\/revisions\/20395"}],"wp:attachment":[{"href":"https:\/\/vn.daprs.com\/m\/wp-json\/wp\/v2\/media?parent=7663"}],"curies":[{"name":"wp","href":"https:\/\/api.w.org\/{rel}","templated":true}]}}