{"id":9566,"date":"2021-06-23T09:38:11","date_gmt":"2021-06-23T09:38:11","guid":{"rendered":"https:\/\/jp.daprs.com\/m\/?page_id=9510"},"modified":"2023-01-27T02:45:44","modified_gmt":"2023-01-27T02:45:44","slug":"hip-up","status":"publish","type":"page","link":"https:\/\/vn.daprs.com\/m\/hip-up\/","title":{"rendered":"body-tension-hip-up"},"content":{"rendered":"<p><div id='ulthermage_wrap01' class='avia-section main_color avia-section-default avia-no-border-styling avia-bg-style-scroll  avia-builder-el-0  el_before_av_section  avia-builder-el-first    av-minimum-height av-minimum-height-custom  container_wrap fullsize' style=' '  ><div class='container' ><main  role=\"main\" itemprop=\"mainContentOfPage\"  class='template-page content  av-content-full alpha units'><div class='post-entry post-entry-type-page post-entry-9566'><div class='entry-content-wrapper clearfix'>\n<div class='avia-image-container  av-styling-    avia-builder-el-1  el_before_av_one_full  avia-builder-el-first   avia-align-center '  itemprop=\"image\" itemscope=\"itemscope\" itemtype=\"https:\/\/schema.org\/ImageObject\"  ><div class='avia-image-container-inner'><div class='avia-image-overlay-wrap'><img class='avia_image' src='http:\/\/devjp.daprs.com\/m\/wp-content\/uploads\/2021\/06\/section01.jpg' alt='' title=''   itemprop=\"thumbnailUrl\"  \/><\/div><\/div><\/div>\n<div class=\"flex_column av_one_full  flex_column_div first  avia-builder-el-2  el_after_av_image  el_before_av_codeblock   \" style='margin-top:-70%; margin-bottom:0px; padding:0px 0px 0px 0 ; border-radius:0px; '><div style='padding-bottom:10px; color:#ffffff;font-size:44px;' class='av-special-heading av-special-heading-h3 custom-color-heading blockquote modern-quote  avia-builder-el-3  avia-builder-el-no-sibling   av-inherit-size '><h3 class='av-special-heading-tag '  itemprop=\"headline\"  ><span class=\"font-w300\" style=\" border-bottom: 1.5px solid #fff; \">Ch\u1ec9nh m\u00f4ng <\/span><br \/><span class=\"font-w700\"style=\"border-bottom: 1.5px solid #fff; \"> s\u0103n ch\u1eafc  <br \/><\/span> <span class=\"font-w700\"style=\"display:inline-block; border-bottom: 1.5px solid #fff; \">Tension Hipup<\/span> t\u1ea1i DA <\/h3><div class ='av-subheading av-subheading_below av_custom_color ' style='font-size:28px;'><p class=\"sh_title_sub_text\" style=\"margin-top:50px; color: #fff;\">\nM\u00f4ng s\u0103n ch\u0103c h\u01a1n v\u1edbi ph\u01b0\u01a1ng ph\u00e1p HIP UP.<\/p>\n<\/div><div class='special-heading-border'><div class='special-heading-inner-border' style='border-color:#ffffff'><\/div><\/div><\/div><\/div>\n<\/div><\/div><\/main><!-- close content main element --><\/div><\/div><div id='av_section_2' class='avia-section main_color avia-section-default avia-no-border-styling avia-bg-style-scroll  avia-builder-el-5  el_after_av_section  avia-builder-el-last    container_wrap fullsize' style='background-color: #193386;  '  ><div class='container' ><div class='template-page content  av-content-full alpha units'><div class='post-entry post-entry-type-page post-entry-9566'><div class='entry-content-wrapper clearfix'>\n<div class=\"flex_column av_one_full  flex_column_div av-zero-column-padding first  avia-builder-el-6  el_before_av_one_fourth  avia-builder-el-first  \" style='border-radius:0px; '><p><div class='avia-image-container  av-styling-    avia-builder-el-7  el_before_av_heading  avia-builder-el-first   avia-align-center '  itemprop=\"image\" itemscope=\"itemscope\" itemtype=\"https:\/\/schema.org\/ImageObject\"  ><div class='avia-image-container-inner'><div class='avia-image-overlay-wrap'><img class='avia_image' src='http:\/\/jp.daprs.com\/m\/wp-content\/uploads\/2021\/08\/d-aging-logo.jpg' alt='' title=''   itemprop=\"thumbnailUrl\"  \/><\/div><\/div><\/div><br \/>\n<div style='padding-bottom:10px; color:#ffffff;font-size:7vw;' class='av-special-heading av-special-heading-h3 custom-color-heading blockquote modern-quote modern-centered  avia-builder-el-8  el_after_av_image  avia-builder-el-last   av-inherit-size '><h3 class='av-special-heading-tag '  itemprop=\"headline\"  >Kh\u00f4ng c\u1ea7n lo l\u1eafng   v\u1ec1 ph\u1eabu thu\u1eadt<\/h3><div class='special-heading-border'><div class='special-heading-inner-border' style='border-color:#ffffff'><\/div><\/div><\/div><\/p><\/div><div class=\"flex_column av_one_fourth  flex_column_div av-zero-column-padding first  avia-builder-el-9  el_after_av_one_full  el_before_av_one_fourth  column-top-margin\" style='border-radius:0px; '><div class='avia-image-container  av-styling-  noHover  av-overlay-hover-deactivate   avia-builder-el-10  el_before_av_button  avia-builder-el-first   avia-align-center '  itemprop=\"image\" itemscope=\"itemscope\" itemtype=\"https:\/\/schema.org\/ImageObject\"  ><div class='avia-image-container-inner'><div class='avia-image-overlay-wrap'><div class='av-image-caption-overlay'><div class='av-caption-image-overlay-bg' style='opacity:0.4; '><\/div><div class='av-image-caption-overlay-position'><div class='av-image-caption-overlay-center' style='color:#000000; '><div style=\"font-size:3vw;\">V\u00f9ng m\u00f4ng thon g\u1ecdn<br \/>\nt\u1ef1 nhi\u00ean<br \/>\nkh\u00f4ng c\u1ea7n ph\u1eabu thu\u1eadt<br \/>\n<span style=\"font-size:4.5vw;\">C\u0103ng ch\u1ec9 Elasticum<br \/>\n<\/span><\/div>\n<\/div><\/div><\/div><img class='avia_image' src='http:\/\/jp.daprs.com\/m\/wp-content\/uploads\/2021\/08\/d-aging-circle.png' alt='' title=''   itemprop=\"thumbnailUrl\"  \/><\/div><\/div><\/div><br \/>\n<div class='avia-button-wrap avia-button-center  avia-builder-el-11  el_after_av_image  avia-builder-el-last  '><a href=''  class='avia-button   avia-icon_select-no avia-color-custom avia-size-large avia-position-center '  style='background-color:#0bb5d6; border-color:#0bb5d6; color:#ffffff; ' ><span class='avia_iconbox_title' >Xem chi ti\u1ebft<\/span><\/a><\/div><\/p><\/div><div class=\"flex_column av_one_fourth  flex_column_div av-zero-column-padding   avia-builder-el-12  el_after_av_one_fourth  el_before_av_one_fourth  column-top-margin\" style='border-radius:0px; '><div class='avia-image-container  av-styling-  noHover  av-overlay-hover-deactivate   avia-builder-el-13  el_before_av_button  avia-builder-el-first   avia-align-center '  itemprop=\"image\" itemscope=\"itemscope\" itemtype=\"https:\/\/schema.org\/ImageObject\"  ><div class='avia-image-container-inner'><div class='avia-image-overlay-wrap'><div class='av-image-caption-overlay'><div class='av-caption-image-overlay-bg' style='opacity:0.4; '><\/div><div class='av-image-caption-overlay-position'><div class='av-image-caption-overlay-center' style='color:#000000; '><div style=\"font-size:3vw;\">Lo\u1ea1i b\u1ecf m\u1ee1 th\u1eeba,<br \/>\nC\u1ea3i thi\u1ec7n v\u00f3c d\u00e1ng<br \/>\n<span style=\"font-size:4.5vw;\">Ph\u01b0\u01a1ng ph\u00e1p H\u00fat m\u1ee1<br \/>\n<\/span><\/div>\n<\/div><\/div><\/div><img class='avia_image' src='http:\/\/jp.daprs.com\/m\/wp-content\/uploads\/2021\/08\/d-aging-circle.png' alt='' title=''   itemprop=\"thumbnailUrl\"  \/><\/div><\/div><\/div><br \/>\n<div class='avia-button-wrap avia-button-center  avia-builder-el-14  el_after_av_image  avia-builder-el-last  '><a href=''  class='avia-button   avia-icon_select-no avia-color-custom avia-size-large avia-position-center '  style='background-color:#0bb5d6; border-color:#0bb5d6; color:#ffffff; ' ><span class='avia_iconbox_title' >Xem chi ti\u1ebft<\/span><\/a><\/div><\/p><\/div><div class=\"flex_column av_one_fourth  flex_column_div av-zero-column-padding   avia-builder-el-15  el_after_av_one_fourth  el_before_av_one_fourth  column-top-margin\" style='border-radius:0px; '><\/div><div class=\"flex_column av_one_fourth  flex_column_div av-zero-column-padding   avia-builder-el-16  el_after_av_one_fourth  el_before_av_one_fourth  column-top-margin\" style='border-radius:0px; '><\/div><div class=\"flex_column av_one_fourth  flex_column_div av-zero-column-padding first  avia-builder-el-17  el_after_av_one_fourth  el_before_av_one_fourth  column-top-margin\" style='border-radius:0px; '><div class='avia-image-container  av-styling-  noHover  av-overlay-hover-deactivate   avia-builder-el-18  el_before_av_button  avia-builder-el-first   avia-align-center '  itemprop=\"image\" itemscope=\"itemscope\" itemtype=\"https:\/\/schema.org\/ImageObject\"  ><div class='avia-image-container-inner'><div class='avia-image-overlay-wrap'><div class='av-image-caption-overlay'><div class='av-caption-image-overlay-bg' style='opacity:0.4; '><\/div><div class='av-image-caption-overlay-position'><div class='av-image-caption-overlay-center' style='color:#000000; '><div style=\"font-size:3vw;\">C\u1ea3i thi\u1ec7n Cellulite<br \/>\n v\u00f9ng eo, \u0111\u00f9i, m\u00f4ng<br \/>\nv\u00e0 v\u00f9ng da k<br \/>\nh\u00f4ng s\u0103n ch\u1eafc<br \/>\n<span style=\"font-size:4.5vw;\">BODY thermage<br \/>\n<\/span><\/div>\n<\/div><\/div><\/div><img class='avia_image' src='http:\/\/jp.daprs.com\/m\/wp-content\/uploads\/2021\/08\/d-aging-circle.png' alt='' title=''   itemprop=\"thumbnailUrl\"  \/><\/div><\/div><\/div><br \/>\n<div class='avia-button-wrap avia-button-center  avia-builder-el-19  el_after_av_image  avia-builder-el-last  '><a href=''  class='avia-button   avia-icon_select-no avia-color-custom avia-size-large avia-position-center '  style='background-color:#0bb5d6; border-color:#0bb5d6; color:#ffffff; ' ><span class='avia_iconbox_title' >Xem chi ti\u1ebft<\/span><\/a><\/div><\/p><\/div><div class=\"flex_column av_one_fourth  flex_column_div av-zero-column-padding   avia-builder-el-20  el_after_av_one_fourth  avia-builder-el-last  column-top-margin\" style='border-radius:0px; '><div class='avia-image-container  av-styling-  noHover  av-overlay-hover-deactivate   avia-builder-el-21  el_before_av_button  avia-builder-el-first   avia-align-center '  itemprop=\"image\" itemscope=\"itemscope\" itemtype=\"https:\/\/schema.org\/ImageObject\"  ><div class='avia-image-container-inner'><div class='avia-image-overlay-wrap'><div class='av-image-caption-overlay'><div class='av-caption-image-overlay-bg' style='opacity:0.4; '><\/div><div class='av-image-caption-overlay-position'><div class='av-image-caption-overlay-center' style='color:#000000; '><div style=\"font-size:3vw;\">Hi\u1ec7u qu\u1ea3 Lifting DA\n<\/div>\n<\/div><\/div><\/div><img class='avia_image' src='http:\/\/jp.daprs.com\/m\/wp-content\/uploads\/2021\/08\/d-aging-circle.png' alt='' title=''   itemprop=\"thumbnailUrl\"  \/><\/div><\/div><\/div><br \/>\n<div class='avia-button-wrap avia-button-center  avia-builder-el-22  el_after_av_image  avia-builder-el-last  '><a href=''  class='avia-button   avia-icon_select-no avia-color-custom avia-size-large avia-position-center '  style='background-color:#0bb5d6; border-color:#0bb5d6; color:#ffffff; ' ><span class='avia_iconbox_title' >Xem chi ti\u1ebft<\/span><\/a><\/div><\/p><\/div><\/p>\n","protected":false},"excerpt":{"rendered":"<p>\t\t\t\t<![CDATA[\n\t\t\t\t\t\t]]>\t\t<\/p>\n","protected":false},"author":1,"featured_media":0,"parent":0,"menu_order":0,"comment_status":"closed","ping_status":"closed","template":"","meta":[],"_links":{"self":[{"href":"https:\/\/vn.daprs.com\/m\/wp-json\/wp\/v2\/pages\/9566"}],"collection":[{"href":"https:\/\/vn.daprs.com\/m\/wp-json\/wp\/v2\/pages"}],"about":[{"href":"https:\/\/vn.daprs.com\/m\/wp-json\/wp\/v2\/types\/page"}],"author":[{"embeddable":true,"href":"https:\/\/vn.daprs.com\/m\/wp-json\/wp\/v2\/users\/1"}],"replies":[{"embeddable":true,"href":"https:\/\/vn.daprs.com\/m\/wp-json\/wp\/v2\/comments?post=9566"}],"version-history":[{"count":14,"href":"https:\/\/vn.daprs.com\/m\/wp-json\/wp\/v2\/pages\/9566\/revisions"}],"predecessor-version":[{"id":12171,"href":"https:\/\/vn.daprs.com\/m\/wp-json\/wp\/v2\/pages\/9566\/revisions\/12171"}],"wp:attachment":[{"href":"https:\/\/vn.daprs.com\/m\/wp-json\/wp\/v2\/media?parent=9566"}],"curies":[{"name":"wp","href":"https:\/\/api.w.org\/{rel}","templated":true}]}}